ine w(14).
-130
Let g(q) = 6*q + 83. Determine g(-15).
-7
Let s(o) = 6*o**3 + 4*o**2 - 5*o + 5. Give s(2).
59
Let k(c) = c**3 + 14*c**2 + 8*c + 66. What is k(-14)?
-46
Let n(b) = -b**3 - 28*b**2 + 205*b + 114. Give n(-34).
80
Let y(b) = -b**3 - 19*b**2 + 613*b + 22. Give y(-36).
-14
Let b(m) = m**2 + 59*m + 614. What is b(-45)?
-16
Let t(l) = 5*l - 26. Calculate t(9).
19
Let y(o) = 50*o + 1583. Calculate y(-18).
683
Let s(i) = 52*i + 370. What is s(-2)?
266
Let v(k) = -k**2 + 135*k - 1383. What is v(124)?
-19
Let f(x) = -x**2 - 141*x - 3686. Calculate f(-35).
24
Let w(z) = -163*z - 2. Calculate w(-1).
161
Let z(y) = -2*y - 131. Determine z(-46).
-39
Let o(h) = h**2 - 17180*h + 68716. Determine o(4).
12
Let x(j) = -4*j**3 - 4*j**2 - 9*j - 16. Determine x(-5).
429
Let s(v) = -57*v**2 - 6*v + 11. Determine s(2).
-229
Let b(k) = -k**2 + 54*k - 376. What is b(46)?
-8
Let c(b) = 56*b - 1287. What is c(24)?
57
Let f(q) = -2*q**2 + 31*q + 931. Give f(-15).
16
Let x(z) = z**3 + 52*z**2 - 47*z + 318. Determine x(-53).
0
Let b(i) = -i**3 + 43*i**2 - 77*i - 40. Calculate b(41).
165
Let n(h) = -36*h**2 + 3*h + 1. Calculate n(-2).
-149
Let v(l) = -l**3 + 33*l**2 + 68*l + 11. Give v(35).
-59
Let l(c) = 20*c + 2483. Determine l(-125).
-17
Let s(v) = -24*v - 2357. Calculate s(-75).
-557
Let k(t) = 9*t**2 + 343*t - 310. Calculate k(-39).
2
Let f(j) = -9*j - 196. Calculate f(-24).
20
Let x(m) = 5*m**3 + 16*m**2 - 13*m - 54. Give x(-3).
-6
Let m(p) = -p**2 + 114*p - 616. Determine m(108).
32
Let d(i) = -i**3 + 8*i**2 - 1256*i + 8753. Calculate d(7).
10
Let t(f) = -20*f + 451. Determine t(21).
31
Let s(d) = -d**3 + 2*d**2 - 10*d + 7. Determine s(6).
-197
Let j(g) = -g**3 - 17*g**2 - 21*g - 45. Give j(-13).
-448
Let q(p) = -p**3 - 15*p**2 + 2*p - 32. Calculate q(-15).
-62
Let l(u) = 5319*u + 313820. Determine l(-59).
-1
Let z(w) = w**2 + 11*w + 34. Give z(-5).
4
Let v(y) = y**3 + 16*y**2 - 193*y - 12. Give v(8).
-20
Let f(m) = -m**3 + 9*m**2 - 10*m - 1. What is f(8)?
-17
Let y(d) = -3*d**2 + 557*d - 7211. What is y(14)?
-1
Let p(a) = 6*a + 36. Calculate p(0).
36
Let j(g) = -7*g + 86. Determine j(10).
16
Let w(g) = -g**3 + 3*g**2 - 285*g + 1110. Determine w(4).
-46
Let k(w) = w**3 - 75*w**2 + 587*w + 461. Determine k(66).
-1
Let w(q) = 5*q**2 - 8*q - 82. Give w(5).
3
Let z(g) = -g**2 - 5*g - 187. Determine z(13).
-421
Let v(a) = -37*a - 914. Determine v(-18).
-248
Let h(n) = -71*n + 323. Determine h(5).
-32
Let a(b) = 1375*b - 8291. What is a(6)?
-41
Let w(q) = q**3 + 22*q**2 - 50*q + 16. What is w(-24)?
64
Let o(y) = y**3 - 15*y**2 - 17*y + 104. Give o(16).
88
Let l(s) = -2*s**3 - 43*s**2 + 22*s + 16. Calculate l(-22).
16
Let h(m) = 2*m**2 - 28*m - 160. Give h(18).
-16
Let y(v) = 4*v**2 - 9*v + 18. Calculate y(2).
16
Let j(p) = p**2 - 190*p + 3941. Calculate j(24).
-43
Let c(j) = -j**3 - 17*j**2 - 16*j - 61. Give c(-16).
-61
Let j(h) = h**2 - 18*h + 69. Determine j(22).
157
Let k(v) = 214*v + 891. What is k(-4)?
35
Let c(s) = 7*s**2 + 23*s - 62. Calculate c(2).
12
Let o(l) = l**2 + 12*l - 15. Calculate o(-15).
30
Let o(m) = 370*m - 87696. Give o(237).
-6
Let y(m) = -m**2 - 30*m - 95. Calculate y(-26).
9
Let w(g) = -814*g - 5215. Determine w(-7).
483
Let v(o) = -o**3 - 63*o**2 + 59*o + 7510. Calculate v(-62).
8
Let l(s) = -20*s**2 + 12*s + 13. What is l(-1)?
-19
Let d(o) = -2*o**2 + 114*o - 1061. Determine d(45).
19
Let y(j) = -j**3 + j**2 + 30*j - 15. Give y(6).
-15
Let z(b) = b**2 - 1035*b - 2078. What is z(-2)?
-4
Let q(t) = -10*t + 118. Calculate q(-8).
198
Let y(c) = 28*c - 624. What is y(22)?
-8
Let n(l) = 2331*l + 13997. What is n(-6)?
11
Let l(b) = 2*b**2 + 240*b + 4893. Determine l(-26).
5
Let p(a) = 143*a + 13288. Give p(-93).
-11
Let u(s) = -2*s**3 - 158*s**2 - 601*s - 89. Calculate u(-75).
-14
Let n(v) = -458*v**2 - 2264*v + 3. What is n(-5)?
-127
Let v(x) = -x**3 + 9*x**2 + 320*x - 2859. Determine v(9).
21
Let h(r) = -30*r - 586. Give h(-12).
-226
Let i(t) = 39*t - 2367. Give i(63).
90
Let i(u) = -u**2 + 1355. Calculate i(37).
-14
Let z(v) = -139*v - 715. Give z(-5).
-20
Let l(h) = -23*h**2 + 8*h - 6. Give l(-3).
-237
Let p(u) = 1149*u - 3449. Calculate p(3).
-2
Let m(v) = 15*v - 532. Give m(40).
68
Let d(x) = 22*x - 106. What is d(4)?
-18
Let r(k) = 3*k**3 - 62*k**2 - 23*k + 60. What is r(21)?
18
Let b(j) = 13*j + 37. What is b(18)?
271
Let y(g) = 249*g**3 - 2*g**2 + 5*g - 3. Determine y(1).
249
Let y(o) = -2*o**2 - 259*o - 1236. Determine y(-5).
9
Let y(h) = h**3 + 16*h**2 + 37*h - 59. Give y(-13).
-33
Let q(w) = 433*w - 2164. Calculate q(5).
1
Let h(a) = a**3 - 42*a**2 - 101*a + 483. What is h(44)?
-89
Let c(i) = -i**3 - 21*i**2 + 3*i + 57. What is c(-21)?
-6
Let w(c) = -c**2 + 32*c - 128. What is w(27)?
7
Let a(i) = -341*i + 3660. Calculate a(11).
-91
Let h(n) = 78*n + 63. Determine h(0).
63
Let h(z) = -10*z**3 - 280*z**2 - 2*z - 53. Give h(-28).
3
Let p(u) = 15*u**2 - 178*u - 179. Determine p(-1).
14
Let c(v) = -v**2 - 4*v + 21609. Give c(-149).
4
Let y(p) = p**2 + 30*p + 117. What is y(-27)?
36
Let g(v) = 66*v - 5313. What is g(81)?
33
Let f(k) = -k**3 + 17*k**2 + 60*k + 2. What is f(-3)?
2
Let f(l) = 560*l**2 - 26320*l - 31. Determine f(47).
-31
Let q(o) = -2*o**3 + 25*o**2 - 12*o + 41. Determine q(12).
41
Let u(o) = o**3 - 44*o**2 + 239*o - 426. Determine u(38).
-8
Let u(b) = 9*b**2 + 199*b - 167. Calculate u(-23).
17
Let p(j) = j**2 + 17*j - 80. Determine p(-22).
30
Let f(x) = -3*x**2 - 25*x + 2. Give f(-8).
10
Let r(h) = -h**3 - 209*h**2 - 4113*h + 213. What is r(-187)?
26
Let g(f) = -f**3 - 10*f**2 + 4*f - 57. Calculate g(-11).
20
Let u(b) = -b**2 + 99*b - 2137. Give u(34).
73
Let g(v) = 2*v**2 + 60*v - 383. What is g(6)?
49
Let x(u) = 2*u**3 + 38*u**2 + 66*u - 32. Calculate x(-17).
2
Let z(s) = -210*s - 132. What is z(-1)?
78
Let g(z) = 11*z**2 - 1288*z + 258. Determine g(117).
141
Let s(n) = -23*n - 639. Calculate s(-25).
-64
Let p(l) = 20*l**3 + 98*l**2 - 11*l - 65. What is p(-5)?
-60
Let h(n) = -21*n**2 - 739*n - 50. What is h(-35)?
90
Let l(j) = -j**2 - 26*j - 99. Determine l(-20).
21
Let k(j) = j**2 - 61*j + 13. Give k(0).
13
Let r(y) = -y**2 + 60*y + 522. Give r(68).
-22
Let a(n) = 12*n**3 + 5*n**2 + 38*n + 71. Give a(-2).
-81
Let j(t) = 45*t + 4234. What is j(-94)?
4
Let r(u) = u**3 - 20*u**2 - 42*u - 30. Calculate r(22).
14
Let r(k) = 17*k + 1788. Give r(-105).
3
Let w(a) = 301*a + 77982. Calculate w(-259).
23
Let p(m) = 2*m**3 - 6*m**2 - 9*m + 11. What is p(4)?
7
Let f(s) = -s**3 + 2*s**2 + 89*s - 311. Calculate f(5).
59
Let r(n) = n**3 + 8*n**2 - 12*n + 5. Calculate r(-9).
32
Let d(s) = -s**3 + 10*s**2 + s + 489. Determine d(13).
-5
Let w(o) = -29*o - 226. What is w(-16)?
238
Let h(z) = -z**3 + 9*z**2 + 58*z + 5. Determine h(-5).
65
Let m(y) = 2*y**2 - 69*y + 108. Give m(36).
216
Let u(h) = -h**3 + 44*h**2 - 30*h - 543. Determine u(43).
16
Let h(q) = -68*q - 235. What is h(0)?
-235
Let x(t) = 5385*t + 102321. Determine x(-19).
6
Let h(l) = -15*l**3 + 4*l**2 - 13*l + 8. Give h(2).
-122
Let x(w) = 146*w - 6286. What is x(43)?
-8
Let u(h) = 7*h**2 + 34*h + 74. Determine u(-9).
335
Let h(v) = -13*v + 781. Determine h(62).
-25
Let o(l) = 37*l + 36. Determine o(1).
73
Let d(b) = -4027*b + 20164. What is d(5)?
29
Let v(c) = 2*c**3 - 23*c**2 - 10*c - 58. Determine v(12).
-34
Let k(l) = -2*l**3 - l**2 + 7*l + 18. Give k(-2).
16
Let n(j) = -j**2 - 51*j - 294. Determine n(-7).
14
Let a(j) = -j**3 - 6*j**2 - 13*j + 15. What is a(-7)?
155
Let j(b) = -82*b + 222. Calculate j(3).
-24
Let y(g) = g**3 - 33*g**2 - 113*g + 177. What is y(36)?
-3
Let q(z) = -8*z**2 + 13*z - 8. Calculate q(1).
-3
Let r(t) = 4*t**2 - t - 11. Determine r(-4).
57
Let j(d) = 11*d**2 - 62*d - 61. Give j(-1).
12
Let w(p) = 16*p**2 - 172*p - 44. Calculate w(11).
0
Let z(c) = 352*c + 6706. What is z(-19)?
18
Let j(n) = -n**3 - 82*n**2 - 160*n - 30. What is j(-80)?
-30
Let u(p) = -1727*p - 10371. Determine u(-6).
-9
Let s(v) = -2*v**2 + 47*v - 82. Calculate s(21).
23
Let y(l) = -14*l - 94. What is y(-21)?
200
Let m(a) = a**3 + 15*a**2 + 29*a + 131. Determine m(-14).
-79
Let d(x) = x**3 - 14*x**2 + 38*x - 2. Calculate d(6).
-62
Let j(w) = 14*w**2 + 37*w - 15. What is j(-3)?
0
Let i(g) = g**2 + 206*g - 2169. What is i(10)?
-9
Let q(z) = z**3 - 7*z**2 + 21*z - 240. What is q(